{"id":3755,"date":"2026-03-09T17:44:13","date_gmt":"2026-03-09T23:44:13","guid":{"rendered":"https:\/\/zalezarchitecture.com\/portfolio\/casa-espana\/"},"modified":"2026-03-19T10:33:21","modified_gmt":"2026-03-19T16:33:21","slug":"casa-espana","status":"publish","type":"arts_portfolio_item","link":"https:\/\/zalezarchitecture.com\/en\/projects\/casa-espana\/","title":{"rendered":"Casa Espa\u00f1a"},"featured_media":3360,"template":"","class_list":["post-3755","arts_portfolio_item","type-arts_portfolio_item","status-publish","has-post-thumbnail","hentry","arts_portfolio_category-projects-on-the-board"],"acf":[],"yoast_head":"<!-- This site is optimized with the Yoast SEO plugin v27.3 - https:\/\/yoast.com\/product\/yoast-seo-wordpress\/ -->\n<title>Casa Espa\u00f1a | Zalez Architecture<\/title>\n<meta name=\"robots\" content=\"index, follow, max-snippet:-1, max-image-preview:large, max-video-preview:-1\" \/>\n<link rel=\"canonical\" href=\"https:\/\/zalezarchitecture.com\/en\/projects\/casa-espana\/\" \/>\n<meta property=\"og:locale\" content=\"en_US\" \/>\n<meta property=\"og:type\" content=\"article\" \/>\n<meta property=\"og:title\" content=\"Casa Espa\u00f1a | Zalez Architecture\" \/>\n<meta property=\"og:description\" content=\"Location Vista Tres Bahias Area 5995 S.Q.F.T Name Casa Espa\u00f1a Casa Espa\u00f1a Casa Espa\u00f1a Casa Espa\u00f1a Casa Espa\u00f1a Casa Espa\u00f1a Casa Espa\u00f1a Casa Espa\u00f1a Casa Espa\u00f1a Casa Espa\u00f1a Casa Espa\u00f1a Casa Espa\u00f1a Casa Espa\u00f1a Casa Espa\u00f1a Casa Espa\u00f1a\" \/>\n<meta property=\"og:url\" content=\"https:\/\/zalezarchitecture.com\/en\/projects\/casa-espana\/\" \/>\n<meta property=\"og:site_name\" content=\"Zalez Architecture\" \/>\n<meta property=\"article:modified_time\" content=\"2026-03-19T16:33:21+00:00\" \/>\n<meta property=\"og:image\" content=\"https:\/\/zalezarchitecture.com\/wp-content\/uploads\/2026\/03\/01-copy.webp\" \/>\n\t<meta property=\"og:image:width\" content=\"1600\" \/>\n\t<meta property=\"og:image:height\" content=\"1035\" \/>\n\t<meta property=\"og:image:type\" content=\"image\/webp\" \/>\n<meta name=\"twitter:card\" content=\"summary_large_image\" \/>\n<meta name=\"twitter:label1\" content=\"Est. reading time\" \/>\n\t<meta name=\"twitter:data1\" content=\"3 minutes\" \/>\n<script type=\"application\/ld+json\" class=\"yoast-schema-graph\">{\"@context\":\"https:\\\/\\\/schema.org\",\"@graph\":[{\"@type\":\"WebPage\",\"@id\":\"https:\\\/\\\/zalezarchitecture.com\\\/en\\\/projects\\\/casa-espana\\\/\",\"url\":\"https:\\\/\\\/zalezarchitecture.com\\\/en\\\/projects\\\/casa-espana\\\/\",\"name\":\"Casa Espa\u00f1a | Zalez Architecture\",\"isPartOf\":{\"@id\":\"https:\\\/\\\/zalezarchitecture.com\\\/en\\\/#website\"},\"primaryImageOfPage\":{\"@id\":\"https:\\\/\\\/zalezarchitecture.com\\\/en\\\/projects\\\/casa-espana\\\/#primaryimage\"},\"image\":{\"@id\":\"https:\\\/\\\/zalezarchitecture.com\\\/en\\\/projects\\\/casa-espana\\\/#primaryimage\"},\"thumbnailUrl\":\"https:\\\/\\\/zalezarchitecture.com\\\/wp-content\\\/uploads\\\/2026\\\/03\\\/01-copy.webp\",\"datePublished\":\"2026-03-09T23:44:13+00:00\",\"dateModified\":\"2026-03-19T16:33:21+00:00\",\"breadcrumb\":{\"@id\":\"https:\\\/\\\/zalezarchitecture.com\\\/en\\\/projects\\\/casa-espana\\\/#breadcrumb\"},\"inLanguage\":\"en-US\",\"potentialAction\":[{\"@type\":\"ReadAction\",\"target\":[\"https:\\\/\\\/zalezarchitecture.com\\\/en\\\/projects\\\/casa-espana\\\/\"]}]},{\"@type\":\"ImageObject\",\"inLanguage\":\"en-US\",\"@id\":\"https:\\\/\\\/zalezarchitecture.com\\\/en\\\/projects\\\/casa-espana\\\/#primaryimage\",\"url\":\"https:\\\/\\\/zalezarchitecture.com\\\/wp-content\\\/uploads\\\/2026\\\/03\\\/01-copy.webp\",\"contentUrl\":\"https:\\\/\\\/zalezarchitecture.com\\\/wp-content\\\/uploads\\\/2026\\\/03\\\/01-copy.webp\",\"width\":1600,\"height\":1035},{\"@type\":\"BreadcrumbList\",\"@id\":\"https:\\\/\\\/zalezarchitecture.com\\\/en\\\/projects\\\/casa-espana\\\/#breadcrumb\",\"itemListElement\":[{\"@type\":\"ListItem\",\"position\":1,\"name\":\"Portada\",\"item\":\"https:\\\/\\\/zalezarchitecture.com\\\/en\\\/\"},{\"@type\":\"ListItem\",\"position\":2,\"name\":\"Casa Espa\u00f1a\"}]},{\"@type\":\"WebSite\",\"@id\":\"https:\\\/\\\/zalezarchitecture.com\\\/en\\\/#website\",\"url\":\"https:\\\/\\\/zalezarchitecture.com\\\/en\\\/\",\"name\":\"Zalez Architecture\",\"description\":\"\",\"publisher\":{\"@id\":\"https:\\\/\\\/zalezarchitecture.com\\\/en\\\/#organization\"},\"potentialAction\":[{\"@type\":\"SearchAction\",\"target\":{\"@type\":\"EntryPoint\",\"urlTemplate\":\"https:\\\/\\\/zalezarchitecture.com\\\/en\\\/?s={search_term_string}\"},\"query-input\":{\"@type\":\"PropertyValueSpecification\",\"valueRequired\":true,\"valueName\":\"search_term_string\"}}],\"inLanguage\":\"en-US\"},{\"@type\":\"Organization\",\"@id\":\"https:\\\/\\\/zalezarchitecture.com\\\/en\\\/#organization\",\"name\":\"Zalez Architecture\",\"url\":\"https:\\\/\\\/zalezarchitecture.com\\\/en\\\/\",\"logo\":{\"@type\":\"ImageObject\",\"inLanguage\":\"en-US\",\"@id\":\"https:\\\/\\\/zalezarchitecture.com\\\/en\\\/#\\\/schema\\\/logo\\\/image\\\/\",\"url\":\"https:\\\/\\\/zalezarchitecture.com\\\/wp-content\\\/uploads\\\/2024\\\/05\\\/cropped-logo_zalez_arquitectos.png\",\"contentUrl\":\"https:\\\/\\\/zalezarchitecture.com\\\/wp-content\\\/uploads\\\/2024\\\/05\\\/cropped-logo_zalez_arquitectos.png\",\"width\":214,\"height\":70,\"caption\":\"Zalez Architecture\"},\"image\":{\"@id\":\"https:\\\/\\\/zalezarchitecture.com\\\/en\\\/#\\\/schema\\\/logo\\\/image\\\/\"}}]}<\/script>\n<!-- \/ Yoast SEO plugin. -->","yoast_head_json":{"title":"Casa Espa\u00f1a | Zalez Architecture","robots":{"index":"index","follow":"follow","max-snippet":"max-snippet:-1","max-image-preview":"max-image-preview:large","max-video-preview":"max-video-preview:-1"},"canonical":"https:\/\/zalezarchitecture.com\/en\/projects\/casa-espana\/","og_locale":"en_US","og_type":"article","og_title":"Casa Espa\u00f1a | Zalez Architecture","og_description":"Location Vista Tres Bahias Area 5995 S.Q.F.T Name Casa Espa\u00f1a Casa Espa\u00f1a Casa Espa\u00f1a Casa Espa\u00f1a Casa Espa\u00f1a Casa Espa\u00f1a Casa Espa\u00f1a Casa Espa\u00f1a Casa Espa\u00f1a Casa Espa\u00f1a Casa Espa\u00f1a Casa Espa\u00f1a Casa Espa\u00f1a Casa Espa\u00f1a Casa Espa\u00f1a","og_url":"https:\/\/zalezarchitecture.com\/en\/projects\/casa-espana\/","og_site_name":"Zalez Architecture","article_modified_time":"2026-03-19T16:33:21+00:00","og_image":[{"width":1600,"height":1035,"url":"https:\/\/zalezarchitecture.com\/wp-content\/uploads\/2026\/03\/01-copy.webp","type":"image\/webp"}],"twitter_card":"summary_large_image","twitter_misc":{"Est. reading time":"3 minutes"},"schema":{"@context":"https:\/\/schema.org","@graph":[{"@type":"WebPage","@id":"https:\/\/zalezarchitecture.com\/en\/projects\/casa-espana\/","url":"https:\/\/zalezarchitecture.com\/en\/projects\/casa-espana\/","name":"Casa Espa\u00f1a | Zalez Architecture","isPartOf":{"@id":"https:\/\/zalezarchitecture.com\/en\/#website"},"primaryImageOfPage":{"@id":"https:\/\/zalezarchitecture.com\/en\/projects\/casa-espana\/#primaryimage"},"image":{"@id":"https:\/\/zalezarchitecture.com\/en\/projects\/casa-espana\/#primaryimage"},"thumbnailUrl":"https:\/\/zalezarchitecture.com\/wp-content\/uploads\/2026\/03\/01-copy.webp","datePublished":"2026-03-09T23:44:13+00:00","dateModified":"2026-03-19T16:33:21+00:00","breadcrumb":{"@id":"https:\/\/zalezarchitecture.com\/en\/projects\/casa-espana\/#breadcrumb"},"inLanguage":"en-US","potentialAction":[{"@type":"ReadAction","target":["https:\/\/zalezarchitecture.com\/en\/projects\/casa-espana\/"]}]},{"@type":"ImageObject","inLanguage":"en-US","@id":"https:\/\/zalezarchitecture.com\/en\/projects\/casa-espana\/#primaryimage","url":"https:\/\/zalezarchitecture.com\/wp-content\/uploads\/2026\/03\/01-copy.webp","contentUrl":"https:\/\/zalezarchitecture.com\/wp-content\/uploads\/2026\/03\/01-copy.webp","width":1600,"height":1035},{"@type":"BreadcrumbList","@id":"https:\/\/zalezarchitecture.com\/en\/projects\/casa-espana\/#breadcrumb","itemListElement":[{"@type":"ListItem","position":1,"name":"Portada","item":"https:\/\/zalezarchitecture.com\/en\/"},{"@type":"ListItem","position":2,"name":"Casa Espa\u00f1a"}]},{"@type":"WebSite","@id":"https:\/\/zalezarchitecture.com\/en\/#website","url":"https:\/\/zalezarchitecture.com\/en\/","name":"Zalez Architecture","description":"","publisher":{"@id":"https:\/\/zalezarchitecture.com\/en\/#organization"},"potentialAction":[{"@type":"SearchAction","target":{"@type":"EntryPoint","urlTemplate":"https:\/\/zalezarchitecture.com\/en\/?s={search_term_string}"},"query-input":{"@type":"PropertyValueSpecification","valueRequired":true,"valueName":"search_term_string"}}],"inLanguage":"en-US"},{"@type":"Organization","@id":"https:\/\/zalezarchitecture.com\/en\/#organization","name":"Zalez Architecture","url":"https:\/\/zalezarchitecture.com\/en\/","logo":{"@type":"ImageObject","inLanguage":"en-US","@id":"https:\/\/zalezarchitecture.com\/en\/#\/schema\/logo\/image\/","url":"https:\/\/zalezarchitecture.com\/wp-content\/uploads\/2024\/05\/cropped-logo_zalez_arquitectos.png","contentUrl":"https:\/\/zalezarchitecture.com\/wp-content\/uploads\/2024\/05\/cropped-logo_zalez_arquitectos.png","width":214,"height":70,"caption":"Zalez Architecture"},"image":{"@id":"https:\/\/zalezarchitecture.com\/en\/#\/schema\/logo\/image\/"}}]}},"_links":{"self":[{"href":"https:\/\/zalezarchitecture.com\/en\/wp-json\/wp\/v2\/arts_portfolio_item\/3755","targetHints":{"allow":["GET"]}}],"collection":[{"href":"https:\/\/zalezarchitecture.com\/en\/wp-json\/wp\/v2\/arts_portfolio_item"}],"about":[{"href":"https:\/\/zalezarchitecture.com\/en\/wp-json\/wp\/v2\/types\/arts_portfolio_item"}],"version-history":[{"count":8,"href":"https:\/\/zalezarchitecture.com\/en\/wp-json\/wp\/v2\/arts_portfolio_item\/3755\/revisions"}],"predecessor-version":[{"id":3996,"href":"https:\/\/zalezarchitecture.com\/en\/wp-json\/wp\/v2\/arts_portfolio_item\/3755\/revisions\/3996"}],"wp:featuredmedia":[{"embeddable":true,"href":"https:\/\/zalezarchitecture.com\/en\/wp-json\/wp\/v2\/media\/3360"}],"wp:attachment":[{"href":"https:\/\/zalezarchitecture.com\/en\/wp-json\/wp\/v2\/media?parent=3755"}],"curies":[{"name":"wp","href":"https:\/\/api.w.org\/{rel}","templated":true}]}}

Casa España

<!-- This site is optimized with the Yoast SEO plugin v27.3 - https://yoast.com/product/yoast-seo-wordpress/ -->
<title>Casa España | Zalez Architecture</title>
<meta name="robots" content="index, follow, max-snippet:-1, max-image-preview:large, max-video-preview:-1" />
<link rel="canonical" href="https://zalezarchitecture.com/en/projects/casa-espana/" />
<meta property="og:locale" content="en_US" />
<meta property="og:type" content="article" />
<meta property="og:title" content="Casa España | Zalez Architecture" />
<meta property="og:description" content="Location Vista Tres Bahias Area 5995 S.Q.F.T Name Casa España Casa España Casa España Casa España Casa España Casa España Casa España Casa España Casa España Casa España Casa España Casa España Casa España Casa España Casa España" />
<meta property="og:url" content="https://zalezarchitecture.com/en/projects/casa-espana/" />
<meta property="og:site_name" content="Zalez Architecture" />
<meta property="article:modified_time" content="2026-03-19T16:33:21+00:00" />
<meta property="og:image" content="https://zalezarchitecture.com/wp-content/uploads/2026/03/01-copy.webp" />
	<meta property="og:image:width" content="1600" />
	<meta property="og:image:height" content="1035" />
	<meta property="og:image:type" content="image/webp" />
<meta name="twitter:card" content="summary_large_image" />
<meta name="twitter:label1" content="Est. reading time" />
	<meta name="twitter:data1" content="3 minutes" />
<script type="application/ld+json" class="yoast-schema-graph">{"@context":"https:\/\/schema.org","@graph":[{"@type":"WebPage","@id":"https:\/\/zalezarchitecture.com\/en\/projects\/casa-espana\/","url":"https:\/\/zalezarchitecture.com\/en\/projects\/casa-espana\/","name":"Casa España | Zalez Architecture","isPartOf":{"@id":"https:\/\/zalezarchitecture.com\/en\/#website"},"primaryImageOfPage":{"@id":"https:\/\/zalezarchitecture.com\/en\/projects\/casa-espana\/#primaryimage"},"image":{"@id":"https:\/\/zalezarchitecture.com\/en\/projects\/casa-espana\/#primaryimage"},"thumbnailUrl":"https:\/\/zalezarchitecture.com\/wp-content\/uploads\/2026\/03\/01-copy.webp","datePublished":"2026-03-09T23:44:13+00:00","dateModified":"2026-03-19T16:33:21+00:00","breadcrumb":{"@id":"https:\/\/zalezarchitecture.com\/en\/projects\/casa-espana\/#breadcrumb"},"inLanguage":"en-US","potentialAction":[{"@type":"ReadAction","target":["https:\/\/zalezarchitecture.com\/en\/projects\/casa-espana\/"]}]},{"@type":"ImageObject","inLanguage":"en-US","@id":"https:\/\/zalezarchitecture.com\/en\/projects\/casa-espana\/#primaryimage","url":"https:\/\/zalezarchitecture.com\/wp-content\/uploads\/2026\/03\/01-copy.webp","contentUrl":"https:\/\/zalezarchitecture.com\/wp-content\/uploads\/2026\/03\/01-copy.webp","width":1600,"height":1035},{"@type":"BreadcrumbList","@id":"https:\/\/zalezarchitecture.com\/en\/projects\/casa-espana\/#breadcrumb","itemListElement":[{"@type":"ListItem","position":1,"name":"Portada","item":"https:\/\/zalezarchitecture.com\/en\/"},{"@type":"ListItem","position":2,"name":"Casa España"}]},{"@type":"WebSite","@id":"https:\/\/zalezarchitecture.com\/en\/#website","url":"https:\/\/zalezarchitecture.com\/en\/","name":"Zalez Architecture","description":"","publisher":{"@id":"https:\/\/zalezarchitecture.com\/en\/#organization"},"potentialAction":[{"@type":"SearchAction","target":{"@type":"EntryPoint","urlTemplate":"https:\/\/zalezarchitecture.com\/en\/?s={search_term_string}"},"query-input":{"@type":"PropertyValueSpecification","valueRequired":true,"valueName":"search_term_string"}}],"inLanguage":"en-US"},{"@type":"Organization","@id":"https:\/\/zalezarchitecture.com\/en\/#organization","name":"Zalez Architecture","url":"https:\/\/zalezarchitecture.com\/en\/","logo":{"@type":"ImageObject","inLanguage":"en-US","@id":"https:\/\/zalezarchitecture.com\/en\/#\/schema\/logo\/image\/","url":"https:\/\/zalezarchitecture.com\/wp-content\/uploads\/2024\/05\/cropped-logo_zalez_arquitectos.png","contentUrl":"https:\/\/zalezarchitecture.com\/wp-content\/uploads\/2024\/05\/cropped-logo_zalez_arquitectos.png","width":214,"height":70,"caption":"Zalez Architecture"},"image":{"@id":"https:\/\/zalezarchitecture.com\/en\/#\/schema\/logo\/image\/"}}]}</script>
<!-- / Yoast SEO plugin. -->

Casa España | Zalez Architecture

Location Vista Tres Bahias Area 5995 S.Q.F.T Name Casa España Casa España Casa España Casa España Casa España Casa España Casa España Casa España Casa España Casa España Casa España Casa España Casa España Casa España Casa España
